s 19916 + 2666?
22582
In base 13, what is 760aa15 - -2?
760aa17
In base 8, what is -1 - -12173474?
12173473
In base 3, what is -12001122021 + 110112?
-12001011202
In base 6, what is 12001 + -13350?
-1345
In base 13, what is 3 - -15685c2b?
15685c31
In base 8, what is 5414025 - -165?
5414212
In base 15, what is -1845806 + -5?
-184580b
In base 5, what is -1300 + -210412?
-212212
In base 9, what is 184304 - -2005?
186310
In base 11, what is -532486 + 35?
-532451
In base 2, what is -110111110110011111 - -11101?
-110111110110000010
In base 7, what is 1161446 + 361?
1162140
In base 2, what is -101011 - 10100101101010010100111?
-10100101101010011010010
In base 10, what is 29414 + 305?
29719
In base 11, what is -23a - 5459?
-5698
In base 14, what is -18a7 + 973?
-d34
In base 8, what is -46 + -60140317?
-60140365
In base 2, what is 1101001100011 + 10011000?
1101011111011
In base 11, what is -3 + -3342532?
-3342535
In base 15, what is 2a3 + 80e8?
839b
In base 11, what is -1 + -13a0127a?
-13a01280
In base 8, what is 14 + -7563021?
-7563005
In base 4, what is 1020102110012 - -10?
1020102110022
In base 12, what is 4102 + -218a4?
-197a2
In base 3, what is -1012111010 + 20201?
-1012020102
In base 5, what is 3 - 22003212110?
-22003212102
In base 6, what is 2 + -5043030125?
-5043030123
In base 4, what is 212013022102 + 3?
212013022111
In base 12, what is 453364 - 97?
453289
In base 2, what is 10110010001 + 10111111001?
101110001010
In base 7, what is -6023411 + -4?
-6023415
In base 5, what is 132430 + 1243310?
1431240
In base 14, what is -2 - 1839c53?
-1839c55
In base 9, what is -32721 - 24880?
-57711
In base 10, what is -3385901 + 50?
-3385851
In base 15, what is -7ece - -142?
-7d8c
In base 7, what is -60342005 + 2?
-60342003
In base 13, what is 266c310 - 12?
266c2cb
In base 8, what is 1117340 + 52?
1117412
In base 10, what is 639 - 4733?
-4094
In base 8, what is 2 - -1121334171?
1121334173
In base 9, what is -40421031 - 4?
-40421035
In base 8, what is 75607 + 146?
75755
In base 9, what is -23 + -2733612?
-2733635
In base 9, what is 36222006 - -4?
36222011
In base 10, what is -36757 + 1902?
-34855
In base 7, what is 1 - 43442263?
-43442262
In base 5, what is -31312 + -134422?
-221234
In base 10, what is 111181678 - 0?
111181678
In base 7, what is -1150536 + -33?
-1150602
In base 14, what is -10149a52 - -3?
-10149a4d
In base 16, what is 4 - -2ce094?
2ce098
In base 14, what is -3 + 859416?
859413
In base 6, what is 303 + 1132550?
1133253
In base 16, what is -e3 + 94?
-4f
In base 12, what is 26316 - 509?
25a09
In base 16, what is -ba3f5ff - 3?
-ba3f602
In base 13, what is 8 - -898782?
89878a
In base 5, what is -211414 + 104402?
-102012
In base 12, what is 1a03 + -874b8?
-856b5
In base 13, what is 1c98c174 + -4?
1c98c170
In base 3, what is 1102210112 - -2100220?
1112011102
In base 3, what is 122100 + 1222200201?
2000100001
In base 5, what is -11311300 - 203131?
-12014431
In base 6, what is 31022 + 123000?
154022
In base 11, what is -5678 + -37?
-5704
In base 7, what is 1 + -50155010?
-50155006
In base 7, what is -22 - -2143151?
2143126
In base 16, what is -4ef14 - -3d?
-4eed7
In base 3, what is -20022 + 2001022000?
2001001201
In base 11, what is -68674 - 39?
-68702
In base 5, what is 131 - 22120431?
-22120300
In base 8, what is -1 + -114531231?
-114531232
In base 11, what is 100083 + -347?
aa837
In base 5, what is 10 - -231204430443?
231204431003
In base 11, what is 26 - -104536?
104561
In base 8, what is 261 + 346377?
346660
In base 13, what is -231671 + -57?
-2316c8
In base 13, what is 65 + 670c?
6774
In base 2, what is -1 + 1111011100001011111?
1111011100001011110
In base 12, what is 17b454 - 1b?
17b435
In base 10, what is 20 - -49815660?
49815680
In base 5, what is -244 - 31141231?
-31142030
In base 2, what is -11100110100011011101 + 101?
-11100110100011011000
In base 6, what is -2512515441 - 2?
-2512515443
In base 16, what is -8aee4 - -4?
-8aee0
In base 5, what is -144001 + -204443?
-403444
In base 4, what is -2212101233 + 133?
-2212101100
In base 7, what is -2052 + 5055?
3003
In base 6, what is -1305531 - 2435?
-1312410
In base 16, what is -5 + 62529e7?
62529e2
In base 11, what is -1680 + 600?
-1080
In base 11, what is 1996 - -6114?
7aaa
In base 14, what is -59 - 197ad65?
-197adc0
In base 13, what is 296 - 58b?
-2c5
In base 14, what is -73948 - -a?
-7393c
In base 11, what is 72784 + -22?
72762
In base 13, what is -74 - -343a85?
343a11
In base 13, what is -1 - 198814?
-198815
In base 11, what is -27327 + -222?
-27549
In base 12, what is 4b21b3b - 6?
4b21b35
In base 11, what is -68418 + -34?
-68451
In base 16, what is -20e76ca - -12?
-20e76b8
In base 16, what is -646 - -264?
-3e2
In base 5, what is -3043424212 - -20?
-3043424142
In base 15, what is 2baa02 - 18?
2ba9d9
In base 13, what is 3 - -650b87?
650b8a
In base 5, what is 21 - 230044441?
-230044420
In base 2, what is -1100100000111 + -1001100000000?
-10110000000111
In base 12, what is -33 + 669444?
669411
In base 12, what is -14792 + 25b?
-14533
In base 16, what is 767f + -84c?
6e33
In base 2, what is 1 + -100010110000001010111?
-100010110000001010110
In base 6, what is -2 + 3312435355?
3312435353
In base 3, what is 21220 + -22120120?
-22021200
In base 15, what is 457e21e + -1?
457e21d
In base 6, what is 231520411 + -4?
231520403
In base 14, what is b7 - -11864?
1193b
In base 6, what is 5321 - 122115?
-112354
In base 6, what is 1 + 511052412?
511052413
In base 12, what is -9 + 37b29b28?
37b29b1b
In base 11, what is -818a17 - -138?
-81888a
In base 7, what is -10356 + 145105?
134416
In base 11, what is 2a96 - -224?
320a
In base 7, what is -4 - 24505202?
-24505206
In base 7, what is -12 + -5205640230?
-5205640242
In base 2, what is -100 - 10010001000110011110101?
-10010001000110011111001
In base 9, what is 5 - -5103267?
5103273
In base 6, what is -340115 + -552?
-341111
In base 9, what is -161 - -72272?
72111
In base 5, what is -1 - 102330330?
-102330331
In base 8, what is 27 + -3524327?
-3524300
In base 16, what is -ec79 + -23b?
-eeb4
In base 13, what is -6c04 - 64a?
-7551
In base 4, what is 210 - -331001132?
331002002
In base 7, what is 5 - 3535246211?
-3535246203
In base 15, what is -70 - 13d66?
-13dd6
In base 15, what is -50 + 16d46e?
16d41e
In base 16, what is 6c083 - -9d7?
6ca5a
In base 11, what is -937 + -19841?
-1a678
In base 13, what is -42ab - -24727?
20449
In base 3, what is -1120 - 210120000122122?
-210120000201012
In base 5, what is 31021122303 - 10?
31021122243
In base 10, what is 25186257 + 1?
25186258
In base 2, what is 1100011 - -110001001101001011?
110001001110101110
In base 14, what is 24 - -18b7694?
18b76b8
In base 9, what is -4 - -1500488?
1500484
In base 2, what is -1 + 1001101100000010100101000?
1001101100000010100100111
In base 11, what is 6 - -36108979?
36108984
In base 7, what is 53206655 - 3?
53206652
In base 16, what is 5 + -15b5a2?
-15b59d
In base 8, what is -76046 - -617?
-75227
In base 3, what is 1 + 110022002012212110?
110022002012212111
In base 5, what is -110410 + -2000?
-112410
In base 9, what is 11871 - -2567?
14548
In base 8, what is -13503 + 135042?
121337
In base 6, what is -10432 + -102?
-10534
In base 15, what is 3 - -1674cb?
1674ce
In base 5, what is -2 - -12442343000?
12442342443
In base 4, what is -112 + 13300323022?
13300322310
In base 16, what is 1cb05a + 23?
1cb07d
In base 5, what is 1120 + 1231300?
1232420
In base 12, what is -5 + 23325719?
23325714
In base 9, what is -1 + -35857678?
-35857680
In base 7, what is -13611 - 3354?
-20265
In base 9, what is 6 - -438838?
438845
In base 9, what is -2877886 - -76?
-2877810
In base 5, what is -103302413 - 132?
-103303100
In base 4, what is -12322200011113 - 20?
-12322200011133
In base 10, what is -2347 + 239413?
237066
In base 10, what is 20 - 300070?
-300050
In base 6, what is -43054111 - -115?
-43053552
In base 15, what is 725 + 170a5?
177ca
In base 11, what is -7a9 - 215a0a?
-216708
In base 6, what is 430522 + 4514?
435440
In base 10, what is 5649687 - 28?
5649659
In base 16, what is befb9f + 3?
befba2
In base 10, what is -116659 - 2492?
-119151
In base 11, what is -10 - -207a94?
207a84
In base 15, what is 4669 + -3ec?
426c
In base 3, what is 10022 + -2210021020011?
-2210021002212
In base 5, what is -42300304 + -